{"id":2724,"date":"2023-12-11T16:55:10","date_gmt":"2023-12-11T16:55:10","guid":{"rendered":"https:\/\/www.evom.si\/?page_id=2724"},"modified":"2025-01-06T11:18:53","modified_gmt":"2025-01-06T11:18:53","slug":"b2b-dienste","status":"publish","type":"page","link":"https:\/\/www.evom.si\/?page_id=2724&lang=de","title":{"rendered":"B2B"},"content":{"rendered":"\t\t<div data-elementor-type=\"wp-page\" data-elementor-id=\"2724\" class=\"elementor elementor-2724 elementor-1503\">\n\t\t\t\t\t\t\t\t\t<section class=\"elementor-section elementor-top-section elementor-element elementor-element-b03a1c9 ct-section-stretched elementor-section-boxed elementor-section-height-default elementor-section-height-default\" data-id=\"b03a1c9\" data-element_type=\"section\" data-settings=\"{&quot;background_background&quot;:&quot;classic&quot;}\">\n\t\t\t\t\t\t<div class=\"elementor-container elementor-column-gap-extended\">\n\t\t\t\t\t<div class=\"elementor-column elementor-col-50 elementor-top-column elementor-element elementor-element-8872563\" data-id=\"8872563\" data-element_type=\"column\" data-settings=\"{&quot;background_background&quot;:&quot;classic&quot;}\">\n\t\t\t<div class=\"elementor-widget-wrap elementor-element-populated\">\n\t\t\t\t\t<div class=\"elementor-background-overlay\"><\/div>\n\t\t\t\t\t\t\t\t<div class=\"elementor-element elementor-element-d200aa1 elementor-widget elementor-widget-heading\" data-id=\"d200aa1\" data-element_type=\"widget\" data-widget_type=\"heading.default\">\n\t\t\t\t<div class=\"elementor-widget-container\">\n\t\t\t<style>\/*! elementor - v3.18.0 - 08-12-2023 *\/\n.elementor-heading-title{padding:0;margin:0;line-height:1}.elementor-widget-heading .elementor-heading-title[class*=elementor-size-]>a{color:inherit;font-size:inherit;line-height:inherit}.elementor-widget-heading .elementor-heading-title.elementor-size-small{font-size:15px}.elementor-widget-heading .elementor-heading-title.elementor-size-medium{font-size:19px}.elementor-widget-heading .elementor-heading-title.elementor-size-large{font-size:29px}.elementor-widget-heading .elementor-heading-title.elementor-size-xl{font-size:39px}.elementor-widget-heading .elementor-heading-title.elementor-size-xxl{font-size:59px}<\/style><h3 class=\"elementor-heading-title elementor-size-default\">Erschlie\u00dfung ausl\u00e4ndischer M\u00e4rkte (B2B)<\/h3>\t\t<\/div>\n\t\t\t\t<\/div>\n\t\t\t\t<div class=\"elementor-element elementor-element-380638c elementor-widget elementor-widget-text-editor\" data-id=\"380638c\" data-element_type=\"widget\" data-widget_type=\"text-editor.default\">\n\t\t\t\t<div class=\"elementor-widget-container\">\n\t\t\t<style>\/*! elementor - v3.18.0 - 08-12-2023 *\/\n.elementor-widget-text-editor.elementor-drop-cap-view-stacked .elementor-drop-cap{background-color:#69727d;color:#fff}.elementor-widget-text-editor.elementor-drop-cap-view-framed .elementor-drop-cap{color:#69727d;border:3px solid;background-color:transparent}.elementor-widget-text-editor:not(.elementor-drop-cap-view-default) .elementor-drop-cap{margin-top:8px}.elementor-widget-text-editor:not(.elementor-drop-cap-view-default) .elementor-drop-cap-letter{width:1em;height:1em}.elementor-widget-text-editor .elementor-drop-cap{float:left;text-align:center;line-height:1;font-size:50px}.elementor-widget-text-editor .elementor-drop-cap-letter{display:inline-block}<\/style>\t\t\t\t<p>Sie wollen einen neuen Auslandsmarkt erschlie\u00dfen?<\/p>\n<p>Wir haben ein neues, spezialisiertes B2B-Marketingprodukt entwickelt, mit dem Ziel, Treffen mit potenziellen Partnern (Kunden) zu organisieren und Ihre Produkte oder Dienstleistungen auf ausl\u00e4ndischen M\u00e4rkten direkt zu vermarkten.<\/p>\n<p>Der Dienst umfasst:<\/p>\n<p>Erstellung von Datenbanken der Zielunternehmen,<br \/>Einsatz von Direktmarketing-Tools,<br \/>Herstellung direkter Gesch\u00e4ftskontakte durch Pr\u00e4sentation der Produkte oder Dienstleistungen Ihres Unternehmens bei einem sorgf\u00e4ltig ausgew\u00e4hlten Segment von Unternehmen durch unser Evom-Call-Studio,<br \/>Sammlung von qualitativen Informationen \u00fcber das Kaufverhalten der Verbraucher und kulturelle Unterschiede,<br \/>Outsourcing von Kommunikationsdienstleistungen f\u00fcr den Markteintritt im Ausland,<br \/>laufende Berichterstattung \u00fcber die Projektergebnisse,<br \/>eine am Monatsende erstellte Gespr\u00e4chsdatenbank, wichtige Informationen \u00fcber den Verlauf der schriftlichen und m\u00fcndlichen Korrespondenz.<br \/>Die Welt kann Ihnen geh\u00f6ren!<\/p>\n\t\t\t\t\t\t<\/div>\n\t\t\t\t<\/div>\n\t\t\t\t<div class=\"elementor-element elementor-element-5ae2fd6 elementor-align-center elementor-mobile-align-center elementor-widget elementor-widget-button\" data-id=\"5ae2fd6\" data-element_type=\"widget\" data-widget_type=\"button.default\">\n\t\t\t\t<div class=\"elementor-widget-container\">\n\t\t\t\t\t<div class=\"elementor-button-wrapper\">\n\t\t\t<a class=\"elementor-button elementor-button-link elementor-size-md\" href=\"#\">\n\t\t\t\t\t\t<span class=\"elementor-button-content-wrapper\">\n\t\t\t\t\t\t<span class=\"elementor-button-text\">Mehr lesen<\/span>\n\t\t<\/span>\n\t\t\t\t\t<\/a>\n\t\t<\/div>\n\t\t\t\t<\/div>\n\t\t\t\t<\/div>\n\t\t\t\t\t<\/div>\n\t\t<\/div>\n\t\t\t\t<div class=\"elementor-column elementor-col-50 elementor-top-column elementor-element elementor-element-4632e84\" data-id=\"4632e84\" data-element_type=\"column\" data-settings=\"{&quot;background_background&quot;:&quot;classic&quot;}\">\n\t\t\t<div class=\"elementor-widget-wrap elementor-element-populated\">\n\t\t\t\t\t<div class=\"elementor-background-overlay\"><\/div>\n\t\t\t\t\t\t\t\t<div class=\"elementor-element elementor-element-16efd41 elementor-widget elementor-widget-heading\" data-id=\"16efd41\" data-element_type=\"widget\" data-widget_type=\"heading.default\">\n\t\t\t\t<div class=\"elementor-widget-container\">\n\t\t\t<h3 class=\"elementor-heading-title elementor-size-default\">Marktforschung<\/h3>\t\t<\/div>\n\t\t\t\t<\/div>\n\t\t\t\t<div class=\"elementor-element elementor-element-304830c elementor-widget elementor-widget-text-editor\" data-id=\"304830c\" data-element_type=\"widget\" data-widget_type=\"text-editor.default\">\n\t\t\t\t<div class=\"elementor-widget-container\">\n\t\t\t\t\t\t\t<p>Ziel der Marktforschung ist es, einen potenziellen ausl\u00e4ndischen Markt mit bestehenden oder neuen Produkten oder Dienstleistungen zu erschlie\u00dfen.<\/p>\n<p>Die Marktstudie umfasst:<\/p>\n<ul>\n<li>Identifizierung und Bewertung neuer Markt-\/Produktchancen auf einem potenziellen Auslandsmarkt,<\/li>\n<li>Bewertung der Eignung bestehender Produkte oder Dienstleistungen f\u00fcr die Bed\u00fcrfnisse eines potenziellen ausl\u00e4ndischen Marktes,<\/li>\n<li>Ausarbeitung eines Plans zur Anpassung bestehender Produkte oder Dienstleistungen an die Besonderheiten des ausl\u00e4ndischen Marktes,<\/li>\n<li>die Ermittlung geeigneter Vertriebskan\u00e4le auf dem ausl\u00e4ndischen Markt.<\/li>\n<\/ul>\n<div class=\"paragraph\"><strong>Erschwinglich f\u00fcr kleine Unternehmen!<\/strong><\/div>\n\t\t\t\t\t\t<\/div>\n\t\t\t\t<\/div>\n\t\t\t\t<div class=\"elementor-element elementor-element-6141f88 elementor-align-center elementor-mobile-align-center elementor-widget elementor-widget-button\" data-id=\"6141f88\" data-element_type=\"widget\" data-widget_type=\"button.default\">\n\t\t\t\t<div class=\"elementor-widget-container\">\n\t\t\t\t\t<div class=\"elementor-button-wrapper\">\n\t\t\t<a class=\"elementor-button elementor-button-link elementor-size-md\" href=\"#\">\n\t\t\t\t\t\t<span class=\"elementor-button-content-wrapper\">\n\t\t\t\t\t\t<span class=\"elementor-button-text\">Mehr erfahren<\/span>\n\t\t<\/span>\n\t\t\t\t\t<\/a>\n\t\t<\/div>\n\t\t\t\t<\/div>\n\t\t\t\t<\/div>\n\t\t\t\t\t<\/div>\n\t\t<\/div>\n\t\t\t\t\t\t\t<\/div>\n\t\t<\/section>\n\t\t<div class=\"elementor-element elementor-element-96b5f1d e-flex e-con-boxed e-con e-parent\" data-id=\"96b5f1d\" data-element_type=\"container\" data-settings=\"{&quot;content_width&quot;:&quot;boxed&quot;}\" data-core-v316-plus=\"true\">\n\t\t\t\t\t<div class=\"e-con-inner\">\n\t\t\t\t<div class=\"elementor-element elementor-element-7373167 elementor-widget elementor-widget-text-editor\" data-id=\"7373167\" data-element_type=\"widget\" data-widget_type=\"text-editor.default\">\n\t\t\t\t<div class=\"elementor-widget-container\">\n\t\t\t\t\t\t\t<h2 class=\"wsite-content-title\" style=\"overflow-wrap: break-word; margin-bottom: 10px; padding-top: 0.3em; padding-bottom: 0.3em; font-size: 22px; line-height: 1.2; font-family: Exo, 'Myriad Pro', Arial, Helvetica, sans-serif; font-weight: 600; border-bottom: 1px solid #e5e5e5; -webkit-text-stroke-width: 0.2px; color: #252525; font-style: normal; letter-spacing: normal; text-align: left; text-transform: none; text-decoration-thickness: initial; text-decoration-style: initial; text-decoration-color: initial;\">Erschlie\u00dfung ausl\u00e4ndischer M\u00e4rkte (B2B)<\/h2>\n\t\t\t\t\t\t<\/div>\n\t\t\t\t<\/div>\n\t\t\t\t\t<\/div>\n\t\t\t\t<\/div>\n\t\t<div class=\"elementor-element elementor-element-0d07652 e-flex e-con-boxed e-con e-parent\" data-id=\"0d07652\" data-element_type=\"container\" data-settings=\"{&quot;content_width&quot;:&quot;boxed&quot;}\" data-core-v316-plus=\"true\">\n\t\t\t\t\t<div class=\"e-con-inner\">\n\t\t\t\t<div class=\"elementor-element elementor-element-b7fad28 elementor-drop-cap-yes elementor-drop-cap-view-default elementor-widget elementor-widget-text-editor\" data-id=\"b7fad28\" data-element_type=\"widget\" data-settings=\"{&quot;drop_cap&quot;:&quot;yes&quot;}\" data-widget_type=\"text-editor.default\">\n\t\t\t\t<div class=\"elementor-widget-container\">\n\t\t\t\t\t\t\t<div class=\"paragraph\" style=\"overflow-wrap: break-word; margin: 0px; padding: 0.5em 0px; font-size: 13px; line-height: 1.5; color: #797979; font-family: Arial, Helvetica, sans-serif;\">\n<p>Sie wollen einen neuen Auslandsmarkt erschlie\u00dfen?<\/p>\n<p>Wir haben ein neues, spezialisiertes B2B-Marketingprodukt entwickelt, mit dem Ziel, Treffen mit potenziellen Partnern (Kunden) zu organisieren und Ihre Produkte oder Dienstleistungen auf ausl\u00e4ndischen M\u00e4rkten direkt zu vermarkten.<\/p>\n<p>Der Dienst umfasst:<\/p>\n<ul style=\"margin-top: 5px !important; margin-bottom: 5px !important; padding-left: 3em !important; list-style: outside disc !important;\">\n<li style=\"margin-top: 3px !important; margin-bottom: 0px !important; padding-left: 5px !important; list-style: outside disc !important;\">Vorbereitung von Datenbanken mit Zielunternehmen,<\/li>\n<li style=\"margin-top: 3px !important; margin-bottom: 0px !important; padding-left: 5px !important; list-style: outside disc !important;\">Einsatz von Direktmarketinginstrumenten,<\/li>\n<li style=\"margin-top: 3px !important; margin-bottom: 0px !important; padding-left: 5px !important; list-style: outside disc !important;\">direkte Gesch\u00e4ftskontakte zu kn\u00fcpfen, indem Sie die Produkte oder Dienstleistungen Ihres Unternehmens einem sorgf\u00e4ltig ausgew\u00e4hlten Segment von Unternehmen \u00fcber unser Evom-Call-Studio pr\u00e4sentieren,<\/li>\n<li style=\"margin-top: 3px !important; margin-bottom: 0px !important; padding-left: 5px !important; list-style: outside disc !important;\">Sammlung von qualitativen Informationen \u00fcber das Kaufverhalten der Verbraucher und kulturelle Unterschiede,<\/li>\n<li style=\"margin-top: 3px !important; margin-bottom: 0px !important; padding-left: 5px !important; list-style: outside disc !important;\">Outsourcing von Kommunikationsdiensten auf einen ausl\u00e4ndischen Markt,<\/li>\n<li style=\"margin-top: 3px !important; margin-bottom: 0px !important; padding-left: 5px !important; list-style: outside disc !important;\">laufende Berichterstattung \u00fcber die Ergebnisse des Projekts,<\/li>\n<li style=\"margin-top: 3px !important; padding-left: 5px !important; list-style: outside disc !important;\">am Ende eines jeden Monats eine Datenbank mit den Anrufen und den wichtigsten Informationen \u00fcber den Verlauf des schriftlichen und m\u00fcndlichen Schriftverkehrs.<\/li>\n<\/ul>\n<\/div>\n<div class=\"paragraph\" style=\"overflow-wrap: break-word; margin: 0px; padding: 0.5em 0px; font-size: 13px; line-height: 1.5; color: #797979; font-family: Arial, Helvetica, sans-serif;\"><span style=\"font-size: medium;\"><span style=\"color: #fa7b09; font-size: large;\"><strong>Die Welt kann dein sein!<\/strong><\/span><\/span><\/div>\n\t\t\t\t\t\t<\/div>\n\t\t\t\t<\/div>\n\t\t\t\t<div class=\"elementor-element elementor-element-2221242 elementor-mobile-align-center elementor-widget elementor-widget-button\" data-id=\"2221242\" data-element_type=\"widget\" data-widget_type=\"button.default\">\n\t\t\t\t<div class=\"elementor-widget-container\">\n\t\t\t\t\t<div class=\"elementor-button-wrapper\">\n\t\t\t<a class=\"elementor-button elementor-button-link elementor-size-md\" href=\"#\">\n\t\t\t\t\t\t<span class=\"elementor-button-content-wrapper\">\n\t\t\t\t\t\t<span class=\"elementor-button-text\">Kontaktieren Sie uns f\u00fcr weitere Informationen<\/span>\n\t\t<\/span>\n\t\t\t\t\t<\/a>\n\t\t<\/div>\n\t\t\t\t<\/div>\n\t\t\t\t<\/div>\n\t\t\t\t\t<\/div>\n\t\t\t\t<\/div>\n\t\t<div class=\"elementor-element elementor-element-7ade4de e-flex e-con-boxed e-con e-parent\" data-id=\"7ade4de\" data-element_type=\"container\" data-settings=\"{&quot;content_width&quot;:&quot;boxed&quot;}\" data-core-v316-plus=\"true\">\n\t\t\t\t\t<div class=\"e-con-inner\">\n\t\t\t\t<div class=\"elementor-element elementor-element-f419a53 elementor-widget elementor-widget-text-editor\" data-id=\"f419a53\" data-element_type=\"widget\" data-widget_type=\"text-editor.default\">\n\t\t\t\t<div class=\"elementor-widget-container\">\n\t\t\t\t\t\t\t<h2 class=\"wsite-content-title\" style=\"overflow-wrap: break-word; margin-bottom: 10px; padding-top: 0.3em; padding-bottom: 0.3em; font-size: 22px; line-height: 1.2; font-family: Exo, 'Myriad Pro', Arial, Helvetica, sans-serif; font-weight: 600; border-bottom: 1px solid #e5e5e5; -webkit-text-stroke-width: 0.2px; color: #252525; font-style: normal; letter-spacing: normal; text-align: left; text-transform: none; text-decoration-thickness: initial; text-decoration-style: initial; text-decoration-color: initial;\">Marktforschung<\/h2>\n\t\t\t\t\t\t<\/div>\n\t\t\t\t<\/div>\n\t\t\t\t\t<\/div>\n\t\t\t\t<\/div>\n\t\t<div class=\"elementor-element elementor-element-2299315 e-flex e-con-boxed e-con e-parent\" data-id=\"2299315\" data-element_type=\"container\" data-settings=\"{&quot;content_width&quot;:&quot;boxed&quot;}\" data-core-v316-plus=\"true\">\n\t\t\t\t\t<div class=\"e-con-inner\">\n\t\t\t\t<div class=\"elementor-element elementor-element-f2d1ea5 elementor-drop-cap-yes elementor-drop-cap-view-default elementor-widget elementor-widget-text-editor\" data-id=\"f2d1ea5\" data-element_type=\"widget\" data-settings=\"{&quot;drop_cap&quot;:&quot;yes&quot;}\" data-widget_type=\"text-editor.default\">\n\t\t\t\t<div class=\"elementor-widget-container\">\n\t\t\t\t\t\t\t<p>Ziel der Marktforschung ist es, einen potenziellen ausl\u00e4ndischen Markt mit bestehenden oder neuen Produkten oder Dienstleistungen zu erschlie\u00dfen.<\/p>\n<p>Die Marktstudie umfasst:<\/p>\n<ul>\n<li>Identifizierung und Bewertung neuer Markt-\/Produktchancen auf einem potenziellen Auslandsmarkt,<\/li>\n<li>Bewertung der Eignung bestehender Produkte oder Dienstleistungen f\u00fcr die Bed\u00fcrfnisse eines potenziellen ausl\u00e4ndischen Marktes,<\/li>\n<li>Ausarbeitung eines Plans zur Anpassung bestehender Produkte oder Dienstleistungen an die Besonderheiten des ausl\u00e4ndischen Marktes,<\/li>\n<li>die Ermittlung geeigneter Vertriebskan\u00e4le auf dem ausl\u00e4ndischen Markt.<\/li>\n<\/ul>\n<div class=\"paragraph\"><span style=\"font-size: medium;\"><span style=\"color: #fa7b09; font-size: large;\"><strong>Erschwinglich f\u00fcr kleine Unternehmen!<\/strong><\/span><\/span><\/div>\n\t\t\t\t\t\t<\/div>\n\t\t\t\t<\/div>\n\t\t\t\t<div class=\"elementor-element elementor-element-ae5c450 elementor-mobile-align-center elementor-widget elementor-widget-button\" data-id=\"ae5c450\" data-element_type=\"widget\" data-widget_type=\"button.default\">\n\t\t\t\t<div class=\"elementor-widget-container\">\n\t\t\t\t\t<div class=\"elementor-button-wrapper\">\n\t\t\t<a class=\"elementor-button elementor-button-link elementor-size-md\" href=\"#\">\n\t\t\t\t\t\t<span class=\"elementor-button-content-wrapper\">\n\t\t\t\t\t\t<span class=\"elementor-button-text\">Kontaktieren Sie uns f\u00fcr weitere Informationen<\/span>\n\t\t<\/span>\n\t\t\t\t\t<\/a>\n\t\t<\/div>\n\t\t\t\t<\/div>\n\t\t\t\t<\/div>\n\t\t\t\t\t<\/div>\n\t\t\t\t<\/div>\n\t\t\t\t<section class=\"elementor-section elementor-top-section elementor-element elementor-element-5740157 elementor-section-content-middle elementor-section-boxed elementor-section-height-default elementor-section-height-default\" data-id=\"5740157\" data-element_type=\"section\" data-settings=\"{&quot;background_background&quot;:&quot;classic&quot;}\">\n\t\t\t\t\t\t\t<div class=\"elementor-background-overlay\"><\/div>\n\t\t\t\t\t\t\t<div class=\"elementor-container elementor-column-gap-default\">\n\t\t\t\t\t<div class=\"elementor-column elementor-col-50 elementor-top-column elementor-element elementor-element-cfd80d6\" data-id=\"cfd80d6\" data-element_type=\"column\">\n\t\t\t<div class=\"elementor-widget-wrap elementor-element-populated\">\n\t\t\t\t\t\t\t\t<div class=\"elementor-element elementor-element-eec79ce elementor-widget elementor-widget-heading\" data-id=\"eec79ce\" data-element_type=\"widget\" data-widget_type=\"heading.default\">\n\t\t\t\t<div class=\"elementor-widget-container\">\n\t\t\t<h2 class=\"elementor-heading-title elementor-size-default\"><a href=\"#\">Haben Sie eine Frage?<br> Wir sind f\u00fcr Sie da. <\/a><\/h2>\t\t<\/div>\n\t\t\t\t<\/div>\n\t\t\t\t\t<\/div>\n\t\t<\/div>\n\t\t\t\t<div class=\"elementor-column elementor-col-50 elementor-top-column elementor-element elementor-element-0658be4\" data-id=\"0658be4\" data-element_type=\"column\">\n\t\t\t<div class=\"elementor-widget-wrap elementor-element-populated\">\n\t\t\t\t\t\t\t\t<div class=\"elementor-element elementor-element-013a8dd elementor-align-right elementor-tablet-align-center elementor-widget elementor-widget-button\" data-id=\"013a8dd\" data-element_type=\"widget\" data-widget_type=\"button.default\">\n\t\t\t\t<div class=\"elementor-widget-container\">\n\t\t\t\t\t<div class=\"elementor-button-wrapper\">\n\t\t\t<a class=\"elementor-button elementor-button-link elementor-size-lg\" href=\"#\">\n\t\t\t\t\t\t<span class=\"elementor-button-content-wrapper\">\n\t\t\t\t\t\t<span class=\"elementor-button-text\">Kontakt<\/span>\n\t\t<\/span>\n\t\t\t\t\t<\/a>\n\t\t<\/div>\n\t\t\t\t<\/div>\n\t\t\t\t<\/div>\n\t\t\t\t\t<\/div>\n\t\t<\/div>\n\t\t\t\t\t\t\t<\/div>\n\t\t<\/section>\n\t\t\t\t\t\t\t<\/div>\n\t\t","protected":false},"excerpt":{"rendered":"<p>Erschlie\u00dfung ausl\u00e4ndischer M\u00e4rkte (B2B) Sie wollen einen neuen Auslandsmarkt erschlie\u00dfen? Wir haben ein neues, spezialisiertes B2B-Marketingprodukt entwickelt, mit dem Ziel, Treffen mit potenziellen Partnern (Kunden) zu organisieren und Ihre Produkte oder Dienstleistungen auf ausl\u00e4ndischen M\u00e4rkten direkt zu vermarkten. Der Dienst umfasst: Erstellung von Datenbanken der Zielunternehmen,Einsatz von Direktmarketing-Tools,Herstellung direkter Gesch\u00e4ftskontakte durch Pr\u00e4sentation der Produkte oder [&hellip;]<\/p>\n","protected":false},"author":1,"featured_media":2578,"parent":0,"menu_order":1,"comment_status":"closed","ping_status":"closed","template":"","meta":{"footnotes":""},"class_list":["post-2724","page","type-page","status-publish","has-post-thumbnail","hentry"],"blocksy_meta":[],"_links":{"self":[{"href":"https:\/\/www.evom.si\/index.php?rest_route=\/wp\/v2\/pages\/2724","targetHints":{"allow":["GET"]}}],"collection":[{"href":"https:\/\/www.evom.si\/index.php?rest_route=\/wp\/v2\/pages"}],"about":[{"href":"https:\/\/www.evom.si\/index.php?rest_route=\/wp\/v2\/types\/page"}],"author":[{"embeddable":true,"href":"https:\/\/www.evom.si\/index.php?rest_route=\/wp\/v2\/users\/1"}],"replies":[{"embeddable":true,"href":"https:\/\/www.evom.si\/index.php?rest_route=%2Fwp%2Fv2%2Fcomments&post=2724"}],"version-history":[{"count":3,"href":"https:\/\/www.evom.si\/index.php?rest_route=\/wp\/v2\/pages\/2724\/revisions"}],"predecessor-version":[{"id":3005,"href":"https:\/\/www.evom.si\/index.php?rest_route=\/wp\/v2\/pages\/2724\/revisions\/3005"}],"wp:featuredmedia":[{"embeddable":true,"href":"https:\/\/www.evom.si\/index.php?rest_route=\/wp\/v2\/media\/2578"}],"wp:attachment":[{"href":"https:\/\/www.evom.si\/index.php?rest_route=%2Fwp%2Fv2%2Fmedia&parent=2724"}],"curies":[{"name":"wp","href":"https:\/\/api.w.org\/{rel}","templated":true}]}}